ivided by 53?
52
Calculate the remainder when 3 is divided by ((-3)/6)/(10/12 - 1).
0
Calculate the remainder when 77 is divided by (30 + -27)*(-23)/(-1 + 0).
8
Let n be ((-9)/12)/(3 - 50/16). Calculate the remainder when n/14 - 2900/(-28) is divided by 21.
20
Let n = -175 + 189. Calculate the remainder when 34 is divided by n.
6
What is the remainder when (11 + 6)*(11 + -6) is divided by 46?
39
Let v(h) = h**2 - 31*h - 64. What is the remainder when v(34) is divided by 2?
0
Let o = 27 + -23. Suppose -n = -4*l - 2*n + 22, 4*l - 12 = o*n. Suppose -l*p = d - 11, 0 = -6*p + 3*p. What is the remainder when 42 is divided by d?
9
Let b(y) = -54*y - 1. Let s(k) = -k - 8. Let j be s(-6). What is the remainder when b(j) is divided by ((-54)/1)/((-30)/20)?
35
Suppose 2*a + 9 - 1 = 0, -20 = 5*c + 5*a. Let i(w) = w**3 + w**2 + w + 11. Calculate the remainder when i(c) is divided by 3/(1/(-2)*(-2 + 0)).
2
Suppose m = -4*t + 6*m + 209, 0 = 2*t - 5*m - 107. Let i be 1 + 1 + 3/1. Suppose 0*l - 65 = -i*l. What is the remainder when t is divided by l?
12
Let z(m) = -m**3 - 5*m**2 - 3*m + 7. Let p(v) = v**2 + 6*v - 6. Let r be p(-6). Calculate the remainder when 243 is divided by z(r).
60
Calculate the remainder when (96/(-18) + 5)*-189 is divided by 31.
1
Let n = -461 + 493. Calculate the remainder when 104 is divided by n.
8
Let d(x) = -5*x - 18. Let j be d(3). Let k = j - -54. What is the remainder when 165 is divided by k?
18
Suppose 7*v - 15042 - 827 = 0. What is the remainder when v is divided by 27?
26
What is the remainder when (-550)/(-15)*1*30/25 is divided by 32?
12
Let a = -877 + 894. What is the remainder when 89 is divided by a?
4
Let d(t) = -10*t - 263. What is the remainder when 19 is divided by d(-27)?
5
Suppose -5*r + 1372 = 5*n - 2068, -5*r + 668 = n. What is the remainder when n is divided by 58?
55
Let u(c) = c**2 - 13*c - 2. What is the remainder when u(14) is divided by 4?
0
Suppose -2*l = 170 - 440. Calculate the remainder when l is divided by 14.
9
Suppose -383 = -6*w + 133. Calculate the remainder when 151 is divided by w.
65
Suppose -5*q + 9*q - s = 2306, -5*q - s = -2878. What is the remainder when q is divided by 17?
15
Suppose 0 = -g + 3*o + 28, 0*g + 1 = 2*g + 5*o. Suppose l + 3 = 4*z, l - 3*z + 0*z + 1 = 0. Calculate the remainder when g is divided by l.
3
Suppose -y - 7 + 8 = 0. Calculate the remainder when 68 is divided by 11 - (0 - (y + 2)).
12
Let d(f) = -5*f**2 - 2*f - 2. Let u be d(-2). Calculate the remainder when (-3)/(24/412)*u/3 is divided by 39.
36
Let u = 366 + -323. What is the remainder when 209 is divided by u?
37
Suppose -4*w - 2*m = -26, -11 = -4*w + 4*m + 45. What is the remainder when 15*5*2/6 is divided by w?
7
Suppose -4*o - 4*z + 60 = -0, 2*o = -z + 35. What is the remainder when o/15*186/4 is divided by 13?
10
Let o = 1573 + -1570. Let j be (-1)/(((-2)/(-1))/(-12)). Let h(w) = w. Calculate the remainder when h(j) is divided by o.
0
Suppose 2 = -4*x + 38. Let w(d) = -d**3 + 9*d**2 + 11*d - 11. Calculate the remainder when w(x) is divided by 23.
19
Let g(h) = h**3 + 14*h**2 - 12*h + 21. Let a be g(-15). Let k be -2 + (-2 - a/2). Suppose -6*s - k = -7*s. What is the remainder when 30 is divided by s?
6
Calculate the remainder when 2 + (-5*2/(-10) - -47) is divided by 6.
2
Let q = -478 - -503. Calculate the remainder when 171 is divided by q.
21
Let h = -35 - -64. Let s(r) = 6*r**3 + r**2 - r + 2. Calculate the remainder when h is divided by s(1).
5
Let v(q) = q**3 - 3*q**2 - 4*q + 2. Let b be v(3). Let u = -7 - b. Suppose 0 = 4*x + x, -m = -u*x - 23. Calculate the remainder when m is divided by 9.
5
Let g(x) = -12*x**2 + x + 1. Let s be g(2). Calculate the remainder when (-5 - 1)*s/18 is divided by 4 - -2 - 9/(-3).
6
Let j(b) = 209*b**2 - 2*b. Suppose -10*i = -9*i + 1. Let z be j(i). Let n = -148 + z. What is the remainder when n is divided by 16?
15
What is the remainder when 123 is divided by (-28)/(-9)*900/200?
11
Suppose -87 = -7*g + 221. Suppose -97 - g = -3*d + 3*i, d - 53 = -i. Let s = 32 + -19. What is the remainder when d is divided by s?
11
Suppose -2*y - 58 + 156 = 2*t, 4*t + 3*y = 197. Let l = 79 - t. Let p = 9 + 6. Calculate the remainder when l is divided by p.
14
Let b = 21 + -17. Suppose -k - b*d - 6 = -d, 5 = -d. Let f = k - 6. What is the remainder when f is divided by 1?
0
Let r(x) = 2*x**3 - 22*x**2 + 23*x - 7. Suppose -2*v - 3*v = -50. Calculate the remainder when r(v) is divided by 12.
11
Let f(z) = -z + 11. Let k be f(5). Suppose -n = 5*j - 32, -n - 3*j - k + 30 = 0. What is the remainder when 54 is divided by n?
6
Suppose 0 = -n - 0*p - 2*p + 3, -7 = -2*n - 3*p. Suppose f - 60 = -n*y, -20 = -5*y - 3*f + 30. Calculate the remainder when 37 is divided by y.
11
Let y = 95 + -66. Suppose -30 = -s + 24. Calculate the remainder when s is divided by y.
25
Let u be 6*(-5 - 9/(-3)). Let o(p) = -5*p - 50. Calculate the remainder when 15 is divided by o(u).
5
Suppose -10*c + 18*c - 168 = 0. Suppose 0 = d + 3*m - 60, -2*m + 5*m = 3*d - 180. What is the remainder when d is divided by c?
18
Suppose r = o + 51, -2*r + 4*o = r - 155. Let j = 44 + -40. What is the remainder when r is divided by -2*((-42)/j - -2)?
15
Let u(x) = -2*x**2 + 45*x + 3. Calculate the remainder when 459 is divided by u(21).
63
Let q be 4 + (-2 - -1)*2. Suppose -9 = -q*m + 3. Let j(k) = 15*k - 592. What is the remainder when j(41) is divided by m?
5
What is the remainder when (-16)/6*(-8)/(128/1608) is divided by 77?
37
Suppose -3*r + 5*w = -27, -25*r - 3*w = -30*r + 45. What is the remainder when 77 is divided by r?
5
Let n = -26 + 153. Calculate the remainder when n is divided by 37.
16
Suppose 2*f - 169 - 123 = 2*b, -3*f - b = -430. Suppose 34 = -5*o - 4*p + 172, 5*o + 2*p = f. Calculate the remainder when o is divided by 16.
14
What is the remainder when (26/(-2)*12)/(-2) is divided by 28?
22
Let z = 791 + -757. Calculate the remainder when 80 is divided by z.
12
Let q = -3 - -71. Suppose -2*m - 22 = -58. Calculate the remainder when q is divided by m/(((-84)/16)/(-7)).
20
Suppose 0 = -l - 2*g + 45, 3*l + 5*g - 165 = -l. Suppose -2*p + 42 = 3*f, 2*f + p - 30 = -3. Calculate the remainder when l is divided by f.
11
Let q be (-1)/2*(1 - 11). Let k(v) = 12*v + 21. Let j be k(11). Suppose q*u = j + 162. Calculate the remainder when u is divided by 13.
11
Suppose -l - 2*l + 2*v = 9, 4*v = 2*l + 6. What is the remainder when (-602)/(-8) + l/12 is divided by 39?
36
Let k = -23 + 16. Let a be (64/(-112))/(2/k). Suppose 0 = -p - a, 0*n - 137 = -3*n - 2*p. What is the remainder when n is divided by 10?
7
Let y(s) = -s**3 - 3*s**2 + s + 6. Let o be y(-3). Suppose 0 = -2*d - i + 5, 6 = -3*d + o*i + 27. Calculate the remainder when 6 is divided by d.
2
Suppose 4*g + 10 = -g. Let h be ((-12)/(-3))/((-1)/g). Let y = 14 - h. What is the remainder when y is divided by 3?
0
What is the remainder when (1/(-2))/(15/(-600)) is divided by 10?
0
Let z = -23 + 27. Suppose -2*j + 5*j - 3*m = 114, -m - 137 = -z*j. What is the remainder when j is divided by 17?
16
Let o be 1/5 - (-56)/20. Suppose -q - o = -1, -3*t = 3*q - 6. What is the remainder when t is divided by 4?
0
Suppose 0 = 2*b + 3*b - 25. Let c be 35 + -1 - 3 - 2. Let m = c + -17. Calculate the remainder when m is divided by b.
2
Let z = -28 - -62. Let w(i) = 0*i**2 - 3*i**2 + 2*i**2 - 10*i + 10 + i. What is the remainder when z is divided by w(-8)?
16
Suppose -20*u = -40*u + 1500. Calculate the remainder when u is divided by 22.
9
Let r = -17 - -9. Let m(i) = -i**3 - 7*i**2 + 7*i + 5. Calculate the remainder when 36 is divided by m(r).
10
Suppose -3*s + 5*s = 3*s. Suppose 0 = -r - 4, s = 5*l - 4*r + r - 272. What is the remainder when l is divided by 15?
7
Let b(s) = -s**2 - 10*s - 3. Calculate the remainder when 1730/40 - (-2)/(-8) is divided by b(-5).
21
Suppose 460 = -8*k + 13*k. Suppose -5*x + k = -3*v + 2*v, -5*x + 2*v = -89. Calculate the remainder when 74 is divided by x.
17
Suppose -4*i - u = -3*i - 42, 5*u - 136 = -3*i. Let k be (2 - 0)/1 - -1. Suppose 10 + k = t. What is the remainder when i is divided by t?
11
Let m = 181 + -124. Calculate the remainder when 107 is divided by m.
50
Suppose 0 = 9*j - 4*j - 30. Let l(f) = -f**2 + 4*f + 24. Calculate the remainder when 44 is di